at is the tens digit of 39921?
2
What is the tens digit of 10803484?
8
What is the hundreds digit of 197986?
9
What is the hundred thousands digit of 470801?
4
What is the tens digit of 486449?
4
What is the thousands digit of 213916?
3
What is the units digit of 14524603?
3
What is the ten thousands digit of 16857056?
5
What is the thousands digit of 1864072?
4
What is the units digit of 11176989?
9
What is the hundreds digit of 347698?
6
What is the units digit of 432274?
4
What is the units digit of 7420348?
8
What is the hundreds digit of 89620?
6
What is the hundreds digit of 430687?
6
What is the tens digit of 1618919?
1
What is the thousands digit of 115854?
5
What is the thousands digit of 8316155?
6
What is the thousands digit of 1980146?
0
What is the ten thousands digit of 19499891?
9
What is the ten thousands digit of 225270?
2
What is the ten thousands digit of 2704981?
0
What is the tens digit of 18971771?
7
What is the hundreds digit of 656454?
4
What is the millions digit of 27370830?
7
What is the ten thousands digit of 8454791?
5
What is the units digit of 379043?
3
What is the ten thousands digit of 251291?
5
What is the hundreds digit of 293807?
8
What is the hundred thousands digit of 4841765?
8
What is the units digit of 376589?
9
What is the units digit of 253037?
7
What is the units digit of 2096610?
0
What is the ten thousands digit of 643721?
4
What is the hundreds digit of 6178681?
6
What is the millions digit of 12333452?
2
What is the units digit of 12280303?
3
What is the millions digit of 5148257?
5
What is the hundreds digit of 14950784?
7
What is the hundreds digit of 2030904?
9
What is the units digit of 804543?
3
What is the units digit of 7620273?
3
What is the ten thousands digit of 338978?
3
What is the hundreds digit of 1473525?
5
What is the hundreds digit of 6026483?
4
What is the thousands digit of 1255145?
5
What is the hundred thousands digit of 5959961?
9
What is the tens digit of 5979917?
1
What is the ten millions digit of 18358249?
1
What is the units digit of 1794571?
1
What is the thousands digit of 4034732?
4
What is the millions digit of 1090312?
1
What is the ten thousands digit of 10726940?
2
What is the thousands digit of 524434?
4
What is the thousands digit of 181278?
1
What is the ten thousands digit of 7297729?
9
What is the units digit of 786009?
9
What is the millions digit of 22911430?
2
What is the thousands digit of 541273?
1
What is the thousands digit of 1324289?
4
What is the tens digit of 37466?
6
What is the tens digit of 150302?
0
What is the units digit of 85725?
5
What is the thousands digit of 4035950?
5
What is the units digit of 335175?
5
What is the thousands digit of 346768?
6
What is the tens digit of 307347?
4
What is the tens digit of 4337354?
5
What is the thousands digit of 8041383?
1
What is the hundreds digit of 9378302?
3
What is the hundreds digit of 628714?
7
What is the hundreds digit of 946394?
3
What is the units digit of 1026577?
7
What is the units digit of 2062168?
8
What is the hundred thousands digit of 5114746?
1
What is the tens digit of 247625?
2
What is the thousands digit of 723979?
3
What is the hundred thousands digit of 2694096?
6
What is the hundreds digit of 791785?
7
What is the hundred thousands digit of 6432384?
4
What is the ten thousands digit of 178757?
7
What is the ten thousands digit of 210966?
1
What is the tens digit of 6637263?
6
What is the thousands digit of 32995650?
5
What is the tens digit of 25817540?
4
What is the hundreds digit of 249679?
6
What is the tens digit of 5017148?
4
What is the hundreds digit of 2809140?
1
What is the millions digit of 14592160?
4
What is the millions digit of 2077851?
2
What is the tens digit of 415342?
4
What is the ten thousands digit of 141157?
4
What is the hundred thousands digit of 10709334?
7
What is the ten thousands digit of 2473144?
7
What is the units digit of 23597056?
6
What is the ten thousands digit of 327115?
2
What is the ten millions digit of 11326766?
1
What is the millions digit of 3839242?
3
What is the ten thousands digit of 361308?
6
What is the hundred thousands digit of 105542?
1
What is the ten thousands digit of 955697?
5
What is the units digit of 2407809?
9
What is the hundreds digit of 576524?
5
What is the ten thousands digit of 20453133?
5
What is the hundreds digit of 75021?
0
What is the thousands digit of 527771?
7
What is the hundred thousands digit of 2071883?
0
What is the hundred thousands digit of 1543300?
5
What is the millions digit of 8778015?
8
What is the hundreds digit of 97863?
8
What is the tens digit of 82586?
8
What is the units digit of 1127868?
8
What is the hundred thousands digit of 3105107?
1
What is the hundreds digit of 37849?
8
What is the hundreds digit of 452651?
6
What is the hundred thousands digit of 398464?
3
What is the ten thousands digit of 582979?
8
What is the hundred thousands digit of 187684?
1
What is the ten thousands digit of 4540905?
4
What is the hundred thousands digit of 221324?
2
What is the units digit of 48479?
9
What is the ten thousands digit of 4875220?
7
What is the hundreds digit of 7355964?
9
What is the millions digit of 1658049?
1
What is the hundreds digit of 8303337?
3
What is the tens digit of 163497?
9
What is the thousands digit of 3991?
3
What is the hundreds digit of 1069707?
7
What is the tens digit of 389520?
2
What is the ten thousands digit of 486195?
8
What is the thousands digit of 379676?
9
What is the units digit of 258091?
1
What is the hundreds digit of 95079?
0
What is the ten thousands digit of 1742656?
4
What is the units digit of 40011?
1
What is the units digit of 38389941?
1
What is the millions digit of 1258098?
1
What is the thousands digit of 1868475?
8
What is the thousands digit of 604621?
4
What is the units digit of 4542?
2
What is the ten millions digit of 12573364?
1
What is the thousands digit of 1784299?
4
What is the millions digit of 33470387?
3
What is the hundreds digit of 690622?
6
What is the ten thousands digit of 30512295?
1
What is the units digit of 4915656?
6
What is the ten thousands digit of 5418903?
1
What is the hundreds digit of 677608?
6
What is the thousands digit of 6179387?
9
What is the tens digit of 791584?
8
What is the hundred thousands digit of 1460445?
4
What is the hundreds digit of 159787?
7
What is the thousands digit of 4078511?
8
What is the hundreds digit of 1273655?
6
What is the units digit of 992723?
3
What is the units digit of 1766787?
7
What is the hundred thousands digit of 567583?
5
What is the units digit of 7872122?
2
What is the thousands digit of 3959629?
9
What is the hundreds digit of 7389769?
7
What is the tens digit of 12563?
6
What is the thousands digit of 192254?
2
What is the tens digit of 378095?
9
What is the tens digit of 7975223?
2
What is the thousands digit of 1283004?
3
What is the thousands digit of 395686?
5
What is the hundred thousands digit of 190407?
1
What is the thousands digit of 3512785?
2
What is the hundreds digit of 63884?
8
What is the thousands digit of 2536219?
6
What is the tens digit of 917827?
2
What is the hundred thousands digit of 22582339?
5
What is the thousands digit of 2177537?
7
What is the hundreds digit of 5439?
4
What is the tens digit of 4023548?
4
What is the units digit of 2765321?
1
What is the thousands digit of 114840?
4
What is the tens digit of 5531269?
6
What is the units digit of 281998?
8
What is the hundreds digit of 5024261?
2
What is the hundred thousands digit of 777737?
7
What is the thousands digit of 391403?
1
What is the units digit of 1072069?
9
What is the thousands digit of 87306?
7
What is the hundred thousands digit of 4298897?
2
What is the ten thousands digit of 5562014?
6
What is the units digit of 3204?
4
What is the tens digit of 330120?
2
What is the thousands digit of 14945807?
5
What is the units digit of 163526?
6
What is the ten thousands digit of 535488?
3
What is the hundreds digit of 312805?
8
What is the ten millions digit of 16796174?
1
What is the thousands digit of 71740?
1
What is the ten thousands digit of 1610763?
1
What is the hundreds digit of 311423?
4
What is the thousands digit of 5143960?
3
What is the units digit of 7983435?
5
Wh